w + 3*m + 379, -m + 310 = 4*w. What is the highest common factor of w and 11?
11
Let u = -158 - -171. Calculate the highest common divisor of u and 39.
13
Suppose 0 = 3*d - 4*i - 115, d - 3*i + 120 = 5*d. Suppose 224*k = 227*k - 99. Calculate the highest common factor of d and k.
33
Let u(h) = -8*h + 4. Let x be u(-5). Suppose -44*a = -162 - 322. What is the greatest common divisor of x and a?
11
Suppose 0 = -10*q + 1648 - 478. Calculate the greatest common divisor of 13 and q.
13
Let k(z) = 410*z**2 + 3*z. Let h be k(-1). Calculate the highest common factor of 111 and h.
37
Let g be ((-528)/(-4))/2*6/4. Let z(s) = -2*s + 3. Let r be z(5). Let d = r + 16. Calculate the greatest common divisor of g and d.
9
Suppose -2*h = -4*j + 178, -3*h + 187 = 4*j - 2*h. Calculate the greatest common factor of 115 and j.
23
Suppose o - 5*v = -3*v + 13, -3*o + 2*v + 43 = 0. Suppose -903 = -233*n + 4922. What is the highest common divisor of n and o?
5
Let b be (-8)/(-12) + (-40)/(-3). Suppose -6*t + t - 95 = 0. Let f = t - -21. Calculate the greatest common divisor of f and b.
2
Suppose -91 = -5*c - 4*k, k + k = -4*c + 74. Suppose x + 0 = 2*l - 9, -3*x - c = -2*l. What is the greatest common divisor of 38 and l?
2
Let b be (1 + -2)*1*1. Let a be 861/12 + b/(-4). Let o(r) = r**3 + 14*r**2 - 6*r - 72. Let n be o(-14). What is the greatest common divisor of a and n?
12
Let w = -66 + 99. Let b = w - 31. Let i = 15 + -1. What is the highest common divisor of b and i?
2
Let y(m) = -3*m**2 + 15*m + 7. Let x(u) = -16*u**2 + 75*u + 35. Let n(a) = -2*x(a) + 11*y(a). Let p be n(14). Calculate the highest common divisor of p and 14.
7
Suppose -61 = 2*u - 53, -392 = -4*n + u. Calculate the highest common factor of 3007 and n.
97
Suppose 0 = m - 4*k + 2*k - 46, 2*k = 4*m - 208. Calculate the greatest common divisor of m and 30.
6
Let p be 4 + (-2)/(-8)*0. Suppose 5*s = -5*v + 145, 4*s - s = -p*v + 114. Calculate the highest common divisor of v and 18.
9
Suppose -4*f - 263 = -4*q + 897, 3*q = 4*f + 872. Suppose -20*n = -459 + 139. Calculate the highest common divisor of n and q.
16
Suppose 6*i = -25 + 1. Let r = 12 + i. What is the highest common factor of 20 and r?
4
Let d(i) = 4*i**2 - 221*i - 53. Let m be d(58). Calculate the highest common divisor of m and 30.
15
Let t be (-43)/(-1) - ((-72)/(-9) - 14). What is the greatest common divisor of t and 56?
7
Let a be -4*((-216)/32 - -2). Calculate the greatest common divisor of 152 and a.
19
Let q(s) = -s**3 + 9*s**2 - 7*s - 1. Let t be q(8). Let p = -6 + 9. Suppose -p*i + 56 = i. What is the greatest common factor of t and i?
7
Suppose -o - 2*c - 3 = 0, 61*o + 3*c + 1 = 59*o. Let i(t) = -t**3 + 4*t**2 - 2. Let a be i(3). Calculate the highest common divisor of a and o.
7
Let i be -4 - (-2 + 3 - 11). Let q(p) = -p + 9. Let c be q(i). Let l = 25 - 13. Calculate the highest common divisor of l and c.
3
Suppose -5*a + 215 = -370. Let u = a - 52. Let r be (-2)/(-13) + 835/u. Calculate the highest common divisor of 104 and r.
13
Let a(o) = -4*o - 3. Let x be a(-2). Suppose 0*c + 4*c + 48 = 4*b, -2*c + 74 = x*b. Let q be (-3)/(-7)*6*b. What is the highest common factor of 24 and q?
12
Suppose 0 = -54*k + 57*k - 3. Calculate the greatest common divisor of k and 8.
1
Suppose 4*l + 5*s - 7 = 0, 7*s - 3*s = 4*l + 20. Let w be 3*-18*l/3. Calculate the greatest common divisor of 12 and w.
12
Suppose 5*w - 65 = 255. Let h(c) = 5*c + 3. Let i be h(1). What is the greatest common factor of w and i?
8
Let s = -155 + 364. Calculate the greatest common divisor of s and 11.
11
Let c = -546 - -585. Let h be 3 - (9/(-3))/(-3). Suppose 0*w = h*w + 2, -3*i = 5*w - 73. Calculate the highest common factor of c and i.
13
Suppose 0*o = -2*o + 4, 2*q - 3*o - 24 = 0. Calculate the highest common factor of q and 3.
3
Suppose 21 = 3*j + y - 231, 2*j - y = 168. Let q be (-2)/(-3*2/42). What is the highest common factor of q and j?
14
Let y = 835 + -255. Calculate the greatest common factor of y and 5.
5
Let k be 10/1*2/4. Suppose -31 = -2*b - 2*a - 9, k*b - 47 = -3*a. Suppose 2*h + 560 = b*h. Calculate the highest common factor of h and 16.
16
Let d = 39 + -35. Suppose 3*g - 28 = 2*y, 0 = d*y - y - 3. What is the highest common factor of g and 1?
1
Let v = -19894 + 19903. Let j = 3 + 0. What is the greatest common divisor of v and j?
3
Let r(c) = c**3 + 3*c + 4. Let i be r(5). Let p = -100 + i. What is the greatest common divisor of p and 11?
11
Let s = -3 - -5. Suppose -3*d + 2*d = -5*c - 33, 15 = -5*c. Suppose 0 = -r + f + d, 2*r - 4*r + 5*f + 42 = 0. Calculate the highest common factor of s and r.
2
Let s be (-7 - -6)/(5/(-20)). Calculate the highest common divisor of s and 3.
1
Suppose -3*w = -2*w - 2. Let s be w/(-9) - (-1880)/36. What is the highest common factor of 130 and s?
26
Let t = -217 + 307. Suppose t = -5*a - a. Let g = a + 25. What is the greatest common factor of 70 and g?
10
Suppose 42*s - 54 = 36*s. Calculate the greatest common divisor of s and 63.
9
Suppose 3*f - 5*u - 2015 = 0, 5*f + 4*u = 2182 + 1127. Calculate the greatest common divisor of f and 35.
35
Let b = 280 + -238. Let m be (-10)/4 - 1/(-2). Let a be (m + 6)/(4/b). Calculate the greatest common factor of a and 28.
14
Suppose -985*v + 991*v - 72 = 0. What is the greatest common factor of 36 and v?
12
Let s = -602 + 612. Let x(k) = k**3 + 6*k**2 + 5*k + 2. Let w be x(-5). What is the highest common factor of s and w?
2
Let f(u) = u**2 + 13*u + 45. Let j be f(-5). What is the highest common divisor of j and 80?
5
Let s(c) = c**2 - 54*c - 416. Let a be s(62). What is the greatest common factor of a and 88?
8
Let s = -888 - -898. Calculate the greatest common factor of 65 and s.
5
Let i(a) = 2*a**2 - 17*a - 47. Let m be i(11). Calculate the greatest common factor of m and 3272.
8
Let s be -2 - (28/(-4) + -2). Let k be -2 + 0 - s/((-14)/32). Calculate the highest common divisor of 70 and k.
14
Let a be (-2)/6*-3*53. Suppose 4*u = 269 - a. Suppose -17*r = -18*r + u. Calculate the highest common factor of r and 81.
27
Let i(q) = 124*q - 50. Let y be i(10). Calculate the highest common factor of y and 70.
70
Suppose 5*t - 137 = -52. Suppose -64 = -3*j + 38. Calculate the highest common divisor of t and j.
17
Suppose 120 = -7*t + 12*t - 2*l, -4*t = -l - 99. Calculate the greatest common factor of 10 and t.
2
Let u = -259 + 182. Let s = u - -185. What is the greatest common divisor of s and 12?
12
Let q = -1 - 5. Let l = -45 + q. Let w = 4 - l. Calculate the greatest common factor of w and 22.
11
Let j be 737/7 - 4/14. Suppose -2*f - 16 + 26 = 0. Suppose -f*a + 40 = h, 0*h - 3*a = -3*h + 30. What is the highest common factor of j and h?
15
Suppose 2*j - 19 + 13 = 0. What is the highest common divisor of j and 57?
3
Let t be ((-11)/5)/(3/(-15)). Suppose 0 = t*n - 12*n + 96. What is the greatest common divisor of 32 and n?
32
Suppose -7*o - 33 = 4*g - 517, -2*o = 4*g - 124. Suppose -3*j + 4*w = -74, -5*j + 28 + 42 = 4*w. Calculate the greatest common divisor of o and j.
18
Suppose 0 = -h + 5 + 1. Let f = h + 12. Calculate the highest common divisor of 27 and f.
9
Let s be 2/8 + (-3339)/(-36). Suppose -4*k - 117 = -7*n + 4*n, 3*n - s = -4*k. What is the highest common factor of n and 35?
35
Let c(g) = g - 9. Let f be c(11). Suppose 69 = f*d - d. Calculate the greatest common divisor of d and 23.
23
Let b be (13/(-4))/((-15)/1140). What is the highest common divisor of 13 and b?
13
Suppose 7*k - 8*k = 29. Let x be (k + -4)*(-5)/1. Calculate the highest common factor of 15 and x.
15
Let o = 9 - -9. Let h = 6 + o. Suppose r = -2*g + 148, 5*r - 100 + 8 = -g. Calculate the greatest common factor of g and h.
24
Let i = -29 - -29. Suppose i = -0*s - 2*s + 28. Calculate the greatest common divisor of 21 and s.
7
Let b be (-6740)/(-160) - 1/(-16)*-2. What is the greatest common divisor of b and 102?
6
Let y(t) = 9*t + 56. Let z be y(-6). Let w(l) = -l - 6. Let u be w(-9). Let m be 3/(u/z) - -70. What is the greatest common factor of 9 and m?
9
Let i = 0 - 0. Let g be -9 + 1 - (-600)/60. Suppose -2*r = -2*v - 3*v + 371, g*v - 4*r - 142 = i. Calculate the highest common factor of 15 and v.
15
Suppose 0 = -74*h + 83*h - 3861. Calculate the greatest common factor of 78 and h.
39
Suppose 1941 - 19